{"id":243,"date":"2021-11-10T11:25:31","date_gmt":"2021-11-10T14:25:31","guid":{"rendered":"https:\/\/xhentaitube.com\/?page_id=243"},"modified":"2021-11-10T11:27:26","modified_gmt":"2021-11-10T14:27:26","slug":"18-u-s-c-2257","status":"publish","type":"page","link":"https:\/\/xhentaitube.com\/18-u-s-c-2257\/","title":{"rendered":"18 U.S.C 2257"},"content":{"rendered":"<p style=\"text-align: justify;\">XHENTAITUBE.COM n\u00e3o \u00e9 um produtor (prim\u00e1rio ou secund\u00e1rio) de qualquer ou todo o conte\u00fado encontrado no site. Com rela\u00e7\u00e3o aos registros de acordo com 18 USC 2257 para o conte\u00fado encontrado neste site, por favor, encaminhe sua solicita\u00e7\u00e3o ao site para o qual o conte\u00fado foi produzido.<\/p>\n<p style=\"text-align: justify;\">XHENTAITUBE.COM \u00e9 um site de compartilhamento de v\u00eddeo adulto que permite a visualiza\u00e7\u00e3o geral de v\u00e1rios tipos de conte\u00fado.<\/p>\n<p style=\"text-align: justify;\">XHENTAITUBE.COM obedece aos seguintes procedimentos para garantir a conformidade:<br \/>\n\u2013 Exigimos que todos os usu\u00e1rios tenham mais de 18 anos para enviar v\u00eddeos.<br \/>\n\u2013 Os usu\u00e1rios devem afirmar que t\u00eam mais de 18 anos e que mant\u00eam registros dos v\u00eddeos do conte\u00fado e que t\u00eam mais de 18 anos.<\/p>\n","protected":false},"excerpt":{"rendered":"<p>XHENTAITUBE.COM n\u00e3o \u00e9 um produtor (prim\u00e1rio ou secund\u00e1rio) de qualquer ou todo o conte\u00fado encontrado no site. Com rela\u00e7\u00e3o aos registros de acordo com 18 USC 2257 para o conte\u00fado encontrado neste site, por favor, encaminhe sua solicita\u00e7\u00e3o ao site para o qual o conte\u00fado foi produzido. XHENTAITUBE.COM \u00e9 um site de compartilhamento de v\u00eddeo [&hellip;]<\/p>\n","protected":false},"author":1,"featured_media":0,"parent":0,"menu_order":0,"comment_status":"closed","ping_status":"closed","template":"","meta":{"footnotes":""},"class_list":["post-243","page","type-page","status-publish","hentry"],"yoast_head":"<!-- This site is optimized with the Yoast SEO plugin v24.7 - https:\/\/yoast.com\/wordpress\/plugins\/seo\/ -->\n<title>18 U.S.C 2257<\/title>\n<meta name=\"description\" content=\"XHENTAITUBE.COM n\u00e3o \u00e9 um produtor (prim\u00e1rio ou secund\u00e1rio) de qualquer ou todo o conte\u00fado encontrado no site. Com rela\u00e7\u00e3o aos registros de acordo com 18\" \/>\n<meta name=\"robots\" content=\"index, follow, max-snippet:-1, max-image-preview:large, max-video-preview:-1\" \/>\n<link rel=\"canonical\" href=\"https:\/\/xhentaitube.com\/18-u-s-c-2257\/\" \/>\n<meta property=\"og:locale\" content=\"pt_BR\" \/>\n<meta property=\"og:type\" content=\"article\" \/>\n<meta property=\"og:title\" content=\"18 U.S.C 2257\" \/>\n<meta property=\"og:description\" content=\"XHENTAITUBE.COM n\u00e3o \u00e9 um produtor (prim\u00e1rio ou secund\u00e1rio) de qualquer ou todo o conte\u00fado encontrado no site. Com rela\u00e7\u00e3o aos registros de acordo com 18\" \/>\n<meta property=\"og:url\" content=\"https:\/\/xhentaitube.com\/18-u-s-c-2257\/\" \/>\n<meta property=\"og:site_name\" content=\"x Hentai Tube - hentaistube\" \/>\n<meta property=\"article:modified_time\" content=\"2021-11-10T14:27:26+00:00\" \/>\n<meta name=\"twitter:card\" content=\"summary_large_image\" \/>\n<meta name=\"twitter:label1\" content=\"Est. tempo de leitura\" \/>\n\t<meta name=\"twitter:data1\" content=\"1 minuto\" \/>\n<script type=\"application\/ld+json\" class=\"yoast-schema-graph\">{\"@context\":\"https:\/\/schema.org\",\"@graph\":[{\"@type\":\"WebPage\",\"@id\":\"https:\/\/xhentaitube.com\/18-u-s-c-2257\/\",\"url\":\"https:\/\/xhentaitube.com\/18-u-s-c-2257\/\",\"name\":\"18 U.S.C 2257\",\"isPartOf\":{\"@id\":\"https:\/\/xhentaitube.com\/#website\"},\"datePublished\":\"2021-11-10T14:25:31+00:00\",\"dateModified\":\"2021-11-10T14:27:26+00:00\",\"description\":\"XHENTAITUBE.COM n\u00e3o \u00e9 um produtor (prim\u00e1rio ou secund\u00e1rio) de qualquer ou todo o conte\u00fado encontrado no site. Com rela\u00e7\u00e3o aos registros de acordo com 18\",\"breadcrumb\":{\"@id\":\"https:\/\/xhentaitube.com\/18-u-s-c-2257\/#breadcrumb\"},\"inLanguage\":\"pt-BR\",\"potentialAction\":[{\"@type\":\"ReadAction\",\"target\":[\"https:\/\/xhentaitube.com\/18-u-s-c-2257\/\"]}]},{\"@type\":\"BreadcrumbList\",\"@id\":\"https:\/\/xhentaitube.com\/18-u-s-c-2257\/#breadcrumb\",\"itemListElement\":[{\"@type\":\"ListItem\",\"position\":1,\"name\":\"In\u00edcio\",\"item\":\"https:\/\/xhentaitube.com\/\"},{\"@type\":\"ListItem\",\"position\":2,\"name\":\"18 U.S.C 2257\"}]},{\"@type\":\"WebSite\",\"@id\":\"https:\/\/xhentaitube.com\/#website\",\"url\":\"https:\/\/xhentaitube.com\/\",\"name\":\"xHentai Tube\",\"description\":\"Assistir Animes online gratis HD e hq hentai\",\"potentialAction\":[{\"@type\":\"SearchAction\",\"target\":{\"@type\":\"EntryPoint\",\"urlTemplate\":\"https:\/\/xhentaitube.com\/?s={search_term_string}\"},\"query-input\":{\"@type\":\"PropertyValueSpecification\",\"valueRequired\":true,\"valueName\":\"search_term_string\"}}],\"inLanguage\":\"pt-BR\"}]}<\/script>\n<!-- \/ Yoast SEO plugin. -->","yoast_head_json":{"title":"18 U.S.C 2257","description":"XHENTAITUBE.COM n\u00e3o \u00e9 um produtor (prim\u00e1rio ou secund\u00e1rio) de qualquer ou todo o conte\u00fado encontrado no site. Com rela\u00e7\u00e3o aos registros de acordo com 18","robots":{"index":"index","follow":"follow","max-snippet":"max-snippet:-1","max-image-preview":"max-image-preview:large","max-video-preview":"max-video-preview:-1"},"canonical":"https:\/\/xhentaitube.com\/18-u-s-c-2257\/","og_locale":"pt_BR","og_type":"article","og_title":"18 U.S.C 2257","og_description":"XHENTAITUBE.COM n\u00e3o \u00e9 um produtor (prim\u00e1rio ou secund\u00e1rio) de qualquer ou todo o conte\u00fado encontrado no site. Com rela\u00e7\u00e3o aos registros de acordo com 18","og_url":"https:\/\/xhentaitube.com\/18-u-s-c-2257\/","og_site_name":"x Hentai Tube - hentaistube","article_modified_time":"2021-11-10T14:27:26+00:00","twitter_card":"summary_large_image","twitter_misc":{"Est. tempo de leitura":"1 minuto"},"schema":{"@context":"https:\/\/schema.org","@graph":[{"@type":"WebPage","@id":"https:\/\/xhentaitube.com\/18-u-s-c-2257\/","url":"https:\/\/xhentaitube.com\/18-u-s-c-2257\/","name":"18 U.S.C 2257","isPartOf":{"@id":"https:\/\/xhentaitube.com\/#website"},"datePublished":"2021-11-10T14:25:31+00:00","dateModified":"2021-11-10T14:27:26+00:00","description":"XHENTAITUBE.COM n\u00e3o \u00e9 um produtor (prim\u00e1rio ou secund\u00e1rio) de qualquer ou todo o conte\u00fado encontrado no site. Com rela\u00e7\u00e3o aos registros de acordo com 18","breadcrumb":{"@id":"https:\/\/xhentaitube.com\/18-u-s-c-2257\/#breadcrumb"},"inLanguage":"pt-BR","potentialAction":[{"@type":"ReadAction","target":["https:\/\/xhentaitube.com\/18-u-s-c-2257\/"]}]},{"@type":"BreadcrumbList","@id":"https:\/\/xhentaitube.com\/18-u-s-c-2257\/#breadcrumb","itemListElement":[{"@type":"ListItem","position":1,"name":"In\u00edcio","item":"https:\/\/xhentaitube.com\/"},{"@type":"ListItem","position":2,"name":"18 U.S.C 2257"}]},{"@type":"WebSite","@id":"https:\/\/xhentaitube.com\/#website","url":"https:\/\/xhentaitube.com\/","name":"xHentai Tube","description":"Assistir Animes online gratis HD e hq hentai","potentialAction":[{"@type":"SearchAction","target":{"@type":"EntryPoint","urlTemplate":"https:\/\/xhentaitube.com\/?s={search_term_string}"},"query-input":{"@type":"PropertyValueSpecification","valueRequired":true,"valueName":"search_term_string"}}],"inLanguage":"pt-BR"}]}},"_links":{"self":[{"href":"https:\/\/www.xhentaitube.com\/wp-json\/wp\/v2\/pages\/243","targetHints":{"allow":["GET"]}}],"collection":[{"href":"https:\/\/www.xhentaitube.com\/wp-json\/wp\/v2\/pages"}],"about":[{"href":"https:\/\/www.xhentaitube.com\/wp-json\/wp\/v2\/types\/page"}],"author":[{"embeddable":true,"href":"https:\/\/www.xhentaitube.com\/wp-json\/wp\/v2\/users\/1"}],"replies":[{"embeddable":true,"href":"https:\/\/www.xhentaitube.com\/wp-json\/wp\/v2\/comments?post=243"}],"version-history":[{"count":0,"href":"https:\/\/www.xhentaitube.com\/wp-json\/wp\/v2\/pages\/243\/revisions"}],"wp:attachment":[{"href":"https:\/\/www.xhentaitube.com\/wp-json\/wp\/v2\/media?parent=243"}],"curies":[{"name":"wp","href":"https:\/\/api.w.org\/{rel}","templated":true}]}}